e the highest common factor of x and o.
31
Let v = 7 - -5. Let l = v - -241. Let g(a) = -a**2 + 13*a - 19. Let m be g(7). Calculate the highest common factor of l and m.
23
Let i = 7 - 3. Let k be (12/4)/(6/i). Let c be 8/6 - (-3 - (-20)/6). Calculate the greatest common divisor of c and k.
1
Let x = 203 - 143. Suppose -4*k + 13 = 1. Suppose k*s = -s + x. Calculate the greatest common factor of s and 45.
15
Suppose -6*h + h + 400 = 0. Let f be 1/(4/6)*(-8)/(-12). Suppose g = -f + 11. What is the greatest common factor of h and g?
10
Suppose -2*a = -3*c + 23, a = 6*a - 25. Let t be c/2 - 1/2. Let m be (1 - (-38)/(-8))/(6/(-80)). Calculate the greatest common factor of m and t.
5
Suppose 0 = 35*j - 40*j + 590. Calculate the greatest common divisor of 59 and j.
59
Let q be 5 + -1 - (0 - 46). What is the highest common factor of q and 6?
2
Suppose 2*o - 8*y = -11*y + 108, -52 = -o - 2*y. Let x = 25 + -15. Calculate the highest common divisor of x and o.
10
Let o(v) = 40*v + 250. Let k be o(-5). What is the highest common divisor of k and 850?
50
Suppose -7*i - 2565 = -11945. Calculate the greatest common divisor of i and 40.
20
Let b be -4*(-12)/8 + (-4)/(-1). Suppose -b*w = -4*w - 480. Calculate the greatest common divisor of 10 and w.
10
Suppose -150 = 65*i - 70*i. Let h(o) = o + 12. Let x be h(-8). Suppose x*t = 180 - 0. Calculate the highest common divisor of i and t.
15
Suppose 1015 - 3250 = -2*u - 5*h, 5*u + 5*h = 5610. What is the greatest common divisor of u and 25?
25
Let h = 13 + 5. Let g = 69 - 33. Let q be g*(2 + (-25)/(-10)). Calculate the highest common divisor of q and h.
18
Suppose -2*g = -5*c + 7*c - 6, -4*c = 2*g - 6. Let y(q) = q**3 + q + 72. Let n be y(c). Calculate the highest common factor of n and 18.
18
Let y = -105 + 189. Calculate the greatest common factor of y and 48.
12
Let l be 8/(-6)*(-6300)/28. What is the greatest common divisor of l and 420?
60
Let z(r) = -22*r + 1. Let c be z(-1). Let i = 282 - 167. Calculate the greatest common factor of c and i.
23
Let j(m) = m**3 - 5*m**2 + m - 3. Let q(b) = -3*b - 6. Let u be q(-4). Let v be j(u). Suppose 31 + v = 2*n. Calculate the highest common factor of 7 and n.
7
Let f = 1736 - 1703. What is the greatest common factor of f and 275?
11
Let t = 12 - 4. Suppose -t*n = -31 - 41. Calculate the greatest common factor of n and 9.
9
Suppose 20 = 2*o - 2. Suppose 0 = -5*w + o - 1, 5*j + 4*w - 78 = 0. Let d = 18 + j. What is the greatest common divisor of d and 8?
8
Suppose -4*q + 4*b = -3544, -1757 = -12*q + 10*q + 5*b. Calculate the highest common divisor of 9 and q.
9
Let b(n) = n**2 - 13*n - 93. Let g be b(25). Suppose -25 = -p - 2*m, 49 = 2*p + 3*m - 0*m. Calculate the greatest common divisor of g and p.
23
Let z = -60 - -168. Calculate the greatest common factor of 1116 and z.
36
Let r(h) = -2 - 6*h + 2 - h - 1. Suppose -5*z - 10 = 0, 4*b + 3 = 5*b - 3*z. Let g be r(b). Calculate the greatest common factor of g and 10.
10
Suppose 3*r + 4*i = -0*r + 19, 0 = -r - 2*i + 3. Calculate the greatest common divisor of 13 and r.
13
Let s be 13 - 6*(-3)/6. Suppose -27*a + 114 = -102. What is the greatest common divisor of a and s?
8
Let u = 21 - 17. Suppose -4*x + 58 = -j + 6*j, -3*x = u*j - 44. Suppose -g + 0*g + x = 0. What is the greatest common divisor of g and 96?
12
Let h(j) = -j + 3. Let p be h(1). Let y(x) = 2*x**p + x - 10*x - 12 + 2*x. Let i be y(6). What is the greatest common divisor of i and 18?
18
Suppose -2*o = -8, y - 2*o - 13 + 63 = 0. Let f = y - -229. What is the highest common factor of f and 17?
17
Let o be (63/(-28))/((-3)/20). Let r = 11 + o. Suppose 0 = -26*m + 29*m - 78. What is the highest common divisor of r and m?
26
Let i(y) = 2 + 1 + y**3 + 16*y**2 - 4 - 13*y + 35*y. Let v be i(-15). Let p = 197 + v. What is the highest common divisor of p and 13?
13
Let d(o) be the third derivative of -o**4/24 + 2*o**3 + 13*o**2. Let p be d(-10). Suppose 0 = 5*j - 2*j - 33. Calculate the highest common factor of p and j.
11
Suppose 12*u - 4*g - 588 = 7*u, -2*u = -2*g - 234. Calculate the greatest common factor of 165 and u.
15
Let f = -330 - -600. What is the highest common divisor of f and 108?
54
Let b(u) = -u**3 - 6*u**2 - 10*u + 4. Let d be b(-6). Let r = d + -54. What is the greatest common divisor of 10 and r?
10
Suppose 0 = 2*u - 80 + 4. What is the greatest common divisor of u and 266?
38
Let i(x) = -68*x + 17. Let f be i(-2). Let a be ((-34)/(-6))/(1/3). What is the greatest common factor of a and f?
17
Let g be ((-2)/(-4))/(12/(-9072)*-3). Calculate the greatest common divisor of 162 and g.
18
Suppose 2*d + 4*i + 4 = -2*d, 0 = -3*d + 3*i + 15. Suppose -2*k = -2*r + 3*k + 36, d*k = -r. What is the highest common divisor of 6 and r?
2
Let m = 20 + 1. Let t(j) = -1 + 1 - j - 5. Let l be t(-8). Calculate the greatest common factor of l and m.
3
Let u(y) = -26*y + 44. Let b be u(-8). Let a = 56 + -28. Calculate the highest common factor of a and b.
28
Let u(d) = -d**3 + 8*d**2 - 10*d + 7. Let y be u(6). Let n = 360 - 208. What is the highest common divisor of n and y?
19
Let g be (1/(-3))/(3/(-45)). Suppose 5*d - 41 = 5*b - 1, 32 = 3*d + g*b. Suppose 8*m = 3*m + 225. What is the highest common factor of m and d?
9
Suppose 4*m - 12 = -0*m. Suppose 0 = a + 2*a + m*i, 4 = -2*a - 3*i. Suppose -a = p - 84. Calculate the highest common factor of p and 20.
20
Let v be 3/6 + (-51)/(-6) + 0. What is the greatest common divisor of 531 and v?
9
Suppose -23 = -3*b - v, -76*v + 80*v - 20 = 0. What is the greatest common divisor of 99 and b?
3
Suppose 0 = -15*z + 2*z + 104. Suppose -z*s + s = -119. Calculate the greatest common divisor of s and 1.
1
Suppose -235 = -9*g + 71. Calculate the greatest common divisor of 544 and g.
34
Let c(k) = 2*k**3 + 38*k**2 - 12*k - 25. Let i be c(-19). What is the greatest common divisor of i and 116?
29
Let a be 4 + 25 - 7 - (0 - -6). Calculate the greatest common divisor of 232 and a.
8
Let y = 1951 - 1486. What is the highest common divisor of 837 and y?
93
Suppose t = 3*l + 62 + 86, -3*t = -5*l - 456. What is the greatest common factor of t and 471?
157
Let g = -18 - -7. Let x = g - -13. Let p = 23 + -18. Calculate the highest common divisor of p and x.
1
Let y be ((-2)/(-3))/((-2)/(-24)). Suppose 13*t - y*t = 20. Calculate the greatest common divisor of 1 and t.
1
Suppose 6*r - 660 + 36 = 0. Calculate the greatest common divisor of r and 78.
26
Let g(l) = 158*l**2 - 2*l. Let q be g(1). Calculate the greatest common divisor of q and 26.
26
Let h be 0*(-4)/4 - -1*6. Let d(s) = 48*s**2 - s + 1. Let v be d(1). Calculate the highest common factor of v and h.
6
Let p = 366 - -138. What is the highest common factor of p and 63?
63
Let p(d) = 2*d**2 + 17*d - 40. Let j be p(-14). Calculate the greatest common factor of 76 and j.
38
Suppose -i = -4*o + 104, -17*o + 18*o - 2*i - 26 = 0. Let z(l) = 28*l - 10. Let q be z(5). What is the highest common divisor of o and q?
26
Let f = 16 + -9. Suppose -c + f + 8 = 0. Calculate the highest common factor of c and 45.
15
Let k = -20 - -116. Suppose -72 = -3*x - c, -5*c + 2*c - k = -4*x. Let g be (-1 - 1517/(-7)) + (-124)/(-434). Calculate the greatest common divisor of x and g.
24
Let b = 138 + -134. Let h be (-1)/4 + (-354)/(-8). What is the highest common factor of b and h?
4
Let s = 21 - 5. Suppose 16*q - 20*q = -s. Calculate the greatest common divisor of 6 and q.
2
Suppose 17*w = 2887 - 1663. Calculate the greatest common divisor of w and 612.
36
Suppose 73*q - 1769 = 10714. Calculate the highest common divisor of 9 and q.
9
Let v be (-146)/(-4) - (-110)/220. What is the highest common factor of v and 1591?
37
Let u = -65 - -68. Let t = -5 - -23. Suppose -171 = -3*d + u*z, d + z = 33 + t. What is the greatest common factor of d and 6?
6
Let b(h) = -7*h**2 - 31*h + 22. Let j be b(-5). Calculate the greatest common divisor of 32 and j.
2
Let r(f) = -2*f**3 - 19*f**2 - 11*f + 10. Let a be r(-10). Calculate the greatest common divisor of a and 20.
20
Let f(r) = -169*r - 112. Let b be f(-8). What is the highest common factor of b and 40?
40
Let n(l) = 11*l**2 - 12*l + 64. Let c be n(4). What is the greatest common divisor of c and 84?
12
Suppose -3004 = c - 3052. Calculate the greatest common divisor of 5